 divisor of 5481 and 28161.
189
What is the greatest common factor of 1113 and 567?
21
Calculate the highest common factor of 15235 and 18887.
11
What is the highest common divisor of 314955 and 135?
135
Calculate the highest common factor of 12243 and 315.
21
Calculate the greatest common divisor of 25 and 433.
1
Calculate the greatest common factor of 51039 and 122589.
477
Calculate the highest common factor of 2061 and 1179.
9
What is the greatest common divisor of 117 and 1913340?
39
What is the highest common factor of 87 and 4466?
29
Calculate the greatest common factor of 104562 and 36.
18
What is the highest common factor of 1302 and 39438?
42
What is the greatest common factor of 60720 and 78?
6
Calculate the greatest common factor of 347364 and 1584.
36
What is the highest common factor of 320 and 3140?
20
What is the highest common factor of 27837 and 5697?
27
Calculate the highest common divisor of 9 and 123741.
9
Calculate the highest common divisor of 306 and 168334.
34
Calculate the highest common divisor of 964 and 5528058.
482
Calculate the highest common divisor of 1525847 and 1193.
1193
What is the highest common divisor of 893209 and 3021?
1007
What is the greatest common factor of 568 and 33299?
71
What is the highest common factor of 264 and 133992?
24
What is the greatest common factor of 217544 and 426?
142
Calculate the highest common factor of 20054 and 333.
37
What is the greatest common factor of 1389 and 633?
3
What is the highest common divisor of 2035 and 8855?
55
What is the greatest common factor of 164943 and 5535?
1107
What is the highest common divisor of 6818 and 70?
14
What is the greatest common divisor of 32015 and 5392?
337
What is the highest common factor of 70 and 62986?
14
Calculate the greatest common factor of 3576 and 1308.
12
Calculate the greatest common factor of 120 and 12808.
8
Calculate the highest common factor of 14596 and 16236.
164
What is the highest common divisor of 201 and 14691?
3
What is the greatest common factor of 207405 and 495?
495
Calculate the greatest common divisor of 15309 and 70.
7
Calculate the greatest common divisor of 830 and 9383980.
830
What is the greatest common divisor of 12 and 33009?
3
What is the greatest common divisor of 9725 and 4175?
25
Calculate the highest common divisor of 4140 and 9225.
45
What is the greatest common divisor of 65923 and 55?
11
Calculate the greatest common factor of 189857 and 1527.
509
Calculate the highest common factor of 6246 and 846.
18
Calculate the greatest common factor of 1235 and 7735.
65
What is the greatest common divisor of 51092 and 9158?
482
What is the highest common factor of 185 and 181337?
37
Calculate the highest common divisor of 37454 and 244.
122
What is the greatest common divisor of 490 and 5150?
10
What is the greatest common factor of 141 and 191901?
141
What is the greatest common factor of 54 and 36486?
18
Calculate the greatest common factor of 6509 and 1981.
283
Calculate the highest common divisor of 3943485 and 351.
351
What is the greatest common divisor of 8662 and 42578?
122
What is the greatest common factor of 104468 and 1078?
98
What is the highest common divisor of 236 and 393884?
236
Calculate the greatest common divisor of 32256 and 1638.
126
What is the greatest common divisor of 483 and 532476?
21
What is the highest common divisor of 16 and 13336?
8
What is the greatest common divisor of 29496 and 24?
24
What is the greatest common divisor of 546 and 31689?
21
What is the highest common factor of 1932 and 49956?
276
What is the greatest common divisor of 76 and 323703?
19
What is the greatest common divisor of 581754 and 18?
6
What is the highest common factor of 10040 and 120?
40
Calculate the highest common factor of 41401 and 57.
19
Calculate the greatest common divisor of 7250 and 162.
2
Calculate the greatest common divisor of 24087 and 32550.
651
What is the greatest common factor of 322 and 23000?
46
What is the highest common factor of 209 and 391039?
209
Calculate the highest common factor of 344156 and 1552.
388
Calculate the greatest common divisor of 1207 and 171037.
17
What is the highest common divisor of 7256 and 128?
8
What is the highest common divisor of 6059 and 4731?
83
Calculate the highest common factor of 28 and 230818.
14
Calculate the highest common factor of 235936 and 2424.
808
What is the greatest common divisor of 133650 and 6210?
270
What is the highest common factor of 429 and 3276?
39
What is the greatest common factor of 90 and 457830?
90
Calculate the greatest common factor of 4433 and 2288.
143
Calculate the greatest common divisor of 28427 and 1953.
217
Calculate the greatest common divisor of 39 and 23036.
13
Calculate the greatest common factor of 312 and 2112032.
104
What is the greatest common factor of 6310735 and 10?
5
Calculate the greatest common factor of 13 and 270023.
13
What is the highest common divisor of 4 and 324?
4
Calculate the greatest common factor of 63 and 9926.
7
What is the greatest common factor of 83592 and 55212?
516
What is the highest common divisor of 53280 and 864?
288
What is the greatest common divisor of 3914183 and 182?
91
What is the highest common factor of 495 and 2638755?
45
Calculate the highest common factor of 50 and 7584625.
25
Calculate the highest common factor of 65845 and 30.
5
What is the highest common divisor of 10755498 and 13?
13
What is the greatest common divisor of 39711 and 527?
31
What is the greatest common divisor of 208711 and 1017?
113
What is the greatest common factor of 1159578 and 252?
126
What is the highest common factor of 19614 and 84?
42
Calculate the highest common factor of 5379 and 429.
33
Calculate the greatest common factor of 1658323 and 23.
23
Calculate the highest common divisor of 122876 and 139417.
2363
What is the greatest common factor of 40421 and 332?
83
Calculate the greatest common factor of 39751 and 254.
127
Calculate the greatest common factor of 9660 and 564466.
322
Calculate the highest common divisor of 8478 and 24.
6
What is the greatest common divisor of 89 and 416876?
89
Calculate the highest common divisor of 881 and 3441186.
881
What is the highest common divisor of 45 and 14645?
5
What is the greatest common divisor of 12592631 and 71?
71
Calculate the highest common divisor of 110 and 1383710.
10
What is the greatest common divisor of 51661 and 1045?
19
Calculate the highest common divisor of 602126 and 10332.
574
Calculate the highest common divisor of 15957 and 302592.
591
Calculate the greatest common divisor of 73 and 1852594.
73
Calculate the highest common divisor of 287385 and 1035.
345
What is the highest common divisor of 131832 and 3?
3
What is the highest common factor of 22 and 33187?
11
What is the greatest common factor of 104 and 56524?
52
What is the highest common divisor of 2014 and 15884?
38
Calculate the highest common divisor of 3567 and 1734751.
1189
Calculate the greatest common divisor of 76 and 120574.
38
Calculate the greatest common divisor of 87 and 8036132.
29
What is the greatest common divisor of 129888 and 704?
352
What is the highest common factor of 6472 and 24?
8
Calculate the greatest common factor of 54993 and 552.
69
What is the greatest common factor of 22253 and 1463?
77
Calculate the highest common factor of 337 and 2809906.
337
Calculate the greatest common divisor of 22944 and 3648.
96
Calculate the highest common factor of 13104 and 1344.
336
What is the greatest common factor of 768 and 17148?
12
What is the greatest common factor of 2226 and 26871?
159
What is the greatest common factor of 344375 and 551?
551
What is the greatest common factor of 207176 and 2088?
232
What is the greatest common divisor of 72602 and 155?
31
What is the highest common divisor of 18992 and 416?
16
What is the greatest common divisor of 130 and 25090?
130
Calculate the greatest common divisor of 197 and 3292658.
197
Calculate the highest common factor of 48216 and 100.
4
Calculate the greatest common factor of 46 and 34063.
23
Calculate the highest common divisor of 39150 and 350.
50
What is the highest common divisor of 25047 and 2904?
363
What is the highest common divisor of 2 and 16931?
1
What is the highest common factor 